{"id":156,"date":"2023-05-22T12:05:27","date_gmt":"2023-05-22T11:05:27","guid":{"rendered":"https:\/\/aalisboa.com.pt\/2023\/?page_id=156"},"modified":"2023-06-08T17:00:22","modified_gmt":"2023-06-08T16:00:22","slug":"presidentes-aal","status":"publish","type":"page","link":"https:\/\/aalisboa.com.pt\/2023\/presidentes-aal\/","title":{"rendered":"Presidentes AAL"},"content":{"rendered":"\n<p>\u201cFundada em 17 de maio de 1929, por Alvar\u00e1 do Governo Civil de Lisboa dessa data ao abrigo do Art\u00ba 1\u00ba da Lei 14 de Fevereiro de 1907, para regulamentar e difundir o atletismo em Lisboa, proteger e defender os interesses dos clubes.\u201d em&nbsp;<em>90 anos da Associa\u00e7\u00e3o de Atletismo de Lisboa<\/em><\/p>\n\n\n\n<p>Os destinos da Associa\u00e7\u00e3o de Atletismo de Lisboa foram, desde esta data, conduzidos por por:<\/p>\n\n\n\n<figure class=\"wp-block-table is-style-regular\"><table class=\"has-black-color has-text-color\"><tbody><tr><td><em>I<\/em><\/td><td>Jos\u00e9 Salazar Carreira<\/td><td>1929 a 1931<\/td><\/tr><tr><td><em>II<\/em><\/td><td>Jos\u00e9 de Lemos<\/td><td>1932&nbsp;e 1934<\/td><\/tr><tr><td><em>III<\/em><\/td><td>Alexandre Correia Leal<\/td><td>1933<\/td><\/tr><tr><td><em>IV<\/em><\/td><td>Jos\u00e9 Ribeiro Monteiro Neves<\/td><td>1934 a 1936<\/td><\/tr><tr><td><em>V<\/em><\/td><td>Jorge Pancada da Silveira<\/td><td>1936 a 1937<\/td><\/tr><tr><td><em>VI<\/em><\/td><td>Egas Santos Ribeiro<\/td><td>1938 a 1943<\/td><\/tr><tr><td><em>VII<\/em><\/td><td>Est\u00eav\u00e3o Moreira<\/td><td>1943 a 1944<\/td><\/tr><tr><td><em>VIII<\/em><\/td><td>J\u00falio Assis Esperan\u00e7a<\/td><td>1944 a 1946<\/td><\/tr><tr><td><em>IX<\/em><\/td><td>Viriato de Figueiredo<\/td><td>1946 a 1947<\/td><\/tr><tr><td><em>X<\/em><\/td><td>Carlos Costa<\/td><td>1947 a 1950<\/td><\/tr><tr><td><em>XI<\/em><\/td><td>An\u00edbal Marques<\/td><td>1950 a 1953<\/td><\/tr><tr><td><em>XII<\/em><\/td><td>Francisco sa Costa Silv\u00e9rio<\/td><td>1953 a 1956<\/td><\/tr><tr><td><em>XIII<\/em><\/td><td>An\u00edbal Constantino de Lemos Martinho<\/td><td>1956 a 1957<\/td><\/tr><tr><td><em>XIV<\/em><\/td><td>Jos\u00e9 Rodrigues do Amaral<\/td><td>1958<\/td><\/tr><tr><td><em>XV<\/em><\/td><td>Jo\u00e3o Rebelo Marques de Almeida<\/td><td>1959 a 1960<\/td><\/tr><tr><td><em>XVI<\/em><\/td><td>Ant\u00f3nio Fraz\u00e3o Ferreira<\/td><td>1961 a 1962<\/td><\/tr><tr><td><em>XVII<\/em><\/td><td>Armando J V C Abreu Rocha<\/td><td>1962 a 1963<\/td><\/tr><tr><td><em>XVIII<\/em><\/td><td>Jorge Pancada da Silveira<\/td><td>1963 a 1964<\/td><\/tr><tr><td><em>XIX<\/em><\/td><td>Jos\u00e9 Aur\u00e9lio Dias<\/td><td>1964 a 1965<\/td><\/tr><tr><td><em>XX<\/em><\/td><td>Jos\u00e9 da Concei\u00e7\u00e3o Fernandes<\/td><td>1966<\/td><\/tr><tr><td><em>XXI<\/em><\/td><td>Manuel Rasquilho Raposo<\/td><td>1967<\/td><\/tr><tr><td><em>XXII<\/em><\/td><td>Gilberto Inoc\u00eancio Miranda Cardoso<\/td><td>1968 a 1969<\/td><\/tr><tr><td><em>XXIII<\/em><\/td><td>Jos\u00e9 Gabriel Mendon\u00e7a Correia da Cunha<\/td><td>1970<\/td><\/tr><tr><td><em>XXIV<\/em><\/td><td>Fernando Marques Pereira<\/td><td>1970 a 1971<\/td><\/tr><tr><td><em>XXV<\/em><\/td><td>Jorge Pancada da Silveira<\/td><td>1972 a 1973<\/td><\/tr><tr><td><em>XXVI<\/em><\/td><td>J\u00falio Capelo Terreiro<\/td><td>1973 a 1974<\/td><\/tr><tr><td><em>XXVII<\/em><\/td><td>Jo\u00e3o Cid Moreira Castelo Branco<\/td><td>1974 a 1977<\/td><\/tr><tr><td><em>XXVIII<\/em><\/td><td>M\u00e1rio Lu\u00eds Salvo Paiva<\/td><td>1978 a 1989<\/td><\/tr><tr><td><em>XXIX<\/em><\/td><td>Ruy Trincheiras<\/td><td>1989 a 1991<\/td><\/tr><tr><td><em>XXX<\/em><\/td><td>Manuel Ant\u00f3nio da Silva de Campos<\/td><td>1992 a 1997<\/td><\/tr><tr><td><em>XXXI<\/em><\/td><td>Jos\u00e9 Manuel Guilherme Abreu<\/td><td>1998 a 2005<\/td><\/tr><tr><td><em>XXXII<\/em><\/td><td>Vicente Marcel de Almeida<\/td><td>2006 a 2016<\/td><\/tr><tr><td><em>XXXIII<\/em><\/td><td>Lu\u00eds Filipe Jesus<\/td><td>desde 2016<\/td><\/tr><\/tbody><\/table><\/figure>\n\n\n\n<hr class=\"wp-block-separator has-alpha-channel-opacity\"\/>\n\n\n\n<p>Os textos e documentos publicados neste espa\u00e7o s\u00e3o de responsabilidade \u00fanica da Associa\u00e7\u00e3o de Atletismo de Lisboa, e qualquer erro detetado podem expressar necessariamente a opini\u00e3o \u00e0 Associa\u00e7\u00e3o.<\/p>\n","protected":false},"excerpt":{"rendered":"<p>\u201cFundada em 17 de maio de 1929, por Alvar\u00e1 do Governo Civil de Lisboa dessa data ao abrigo do Art\u00ba 1\u00ba da Lei 14 de Fevereiro de 1907, para regulamentar [&hellip;]<\/p>\n","protected":false},"author":1,"featured_media":0,"parent":0,"menu_order":0,"comment_status":"closed","ping_status":"closed","template":"","meta":{"footnotes":""},"categories":[9],"class_list":["post-156","page","type-page","status-publish","hentry","category-associacao-de-atletismo-de-lisboa"],"_links":{"self":[{"href":"https:\/\/aalisboa.com.pt\/2023\/wp-json\/wp\/v2\/pages\/156","targetHints":{"allow":["GET"]}}],"collection":[{"href":"https:\/\/aalisboa.com.pt\/2023\/wp-json\/wp\/v2\/pages"}],"about":[{"href":"https:\/\/aalisboa.com.pt\/2023\/wp-json\/wp\/v2\/types\/page"}],"author":[{"embeddable":true,"href":"https:\/\/aalisboa.com.pt\/2023\/wp-json\/wp\/v2\/users\/1"}],"replies":[{"embeddable":true,"href":"https:\/\/aalisboa.com.pt\/2023\/wp-json\/wp\/v2\/comments?post=156"}],"version-history":[{"count":1,"href":"https:\/\/aalisboa.com.pt\/2023\/wp-json\/wp\/v2\/pages\/156\/revisions"}],"predecessor-version":[{"id":157,"href":"https:\/\/aalisboa.com.pt\/2023\/wp-json\/wp\/v2\/pages\/156\/revisions\/157"}],"wp:attachment":[{"href":"https:\/\/aalisboa.com.pt\/2023\/wp-json\/wp\/v2\/media?parent=156"}],"wp:term":[{"taxonomy":"category","embeddable":true,"href":"https:\/\/aalisboa.com.pt\/2023\/wp-json\/wp\/v2\/categories?post=156"}],"curies":[{"name":"wp","href":"https:\/\/api.w.org\/{rel}","templated":true}]}}

<p>“Fundada em 17 de maio de 1929, por Alvará do Governo Civil de Lisboa dessa data ao abrigo do Artº 1º da Lei 14 de Fevereiro de 1907, para regulamentar e difundir o atletismo em Lisboa, proteger e defender os interesses dos clubes.” em&nbsp;<em>90 anos da Associação de Atletismo de Lisboa</em></p>



<p>Os destinos da Associação de Atletismo de Lisboa foram, desde esta data, conduzidos por por:</p>



<figure class="wp-block-table is-style-regular"><table class="has-black-color has-text-color"><tbody><tr><td><em>I</em></td><td>José Salazar Carreira</td><td>1929 a 1931</td></tr><tr><td><em>II</em></td><td>José de Lemos</td><td>1932&nbsp;e 1934</td></tr><tr><td><em>III</em></td><td>Alexandre Correia Leal</td><td>1933</td></tr><tr><td><em>IV</em></td><td>José Ribeiro Monteiro Neves</td><td>1934 a 1936</td></tr><tr><td><em>V</em></td><td>Jorge Pancada da Silveira</td><td>1936 a 1937</td></tr><tr><td><em>VI</em></td><td>Egas Santos Ribeiro</td><td>1938 a 1943</td></tr><tr><td><em>VII</em></td><td>Estêvão Moreira</td><td>1943 a 1944</td></tr><tr><td><em>VIII</em></td><td>Júlio Assis Esperança</td><td>1944 a 1946</td></tr><tr><td><em>IX</em></td><td>Viriato de Figueiredo</td><td>1946 a 1947</td></tr><tr><td><em>X</em></td><td>Carlos Costa</td><td>1947 a 1950</td></tr><tr><td><em>XI</em></td><td>Aníbal Marques</td><td>1950 a 1953</td></tr><tr><td><em>XII</em></td><td>Francisco sa Costa Silvério</td><td>1953 a 1956</td></tr><tr><td><em>XIII</em></td><td>Aníbal Constantino de Lemos Martinho</td><td>1956 a 1957</td></tr><tr><td><em>XIV</em></td><td>José Rodrigues do Amaral</td><td>1958</td></tr><tr><td><em>XV</em></td><td>João Rebelo Marques de Almeida</td><td>1959 a 1960</td></tr><tr><td><em>XVI</em></td><td>António Frazão Ferreira</td><td>1961 a 1962</td></tr><tr><td><em>XVII</em></td><td>Armando J V C Abreu Rocha</td><td>1962 a 1963</td></tr><tr><td><em>XVIII</em></td><td>Jorge Pancada da Silveira</td><td>1963 a 1964</td></tr><tr><td><em>XIX</em></td><td>José Aurélio Dias</td><td>1964 a 1965</td></tr><tr><td><em>XX</em></td><td>José da Conceição Fernandes</td><td>1966</td></tr><tr><td><em>XXI</em></td><td>Manuel Rasquilho Raposo</td><td>1967</td></tr><tr><td><em>XXII</em></td><td>Gilberto Inocêncio Miranda Cardoso</td><td>1968 a 1969</td></tr><tr><td><em>XXIII</em></td><td>José Gabriel Mendonça Correia da Cunha</td><td>1970</td></tr><tr><td><em>XXIV</em></td><td>Fernando Marques Pereira</td><td>1970 a 1971</td></tr><tr><td><em>XXV</em></td><td>Jorge Pancada da Silveira</td><td>1972 a 1973</td></tr><tr><td><em>XXVI</em></td><td>Júlio Capelo Terreiro</td><td>1973 a 1974</td></tr><tr><td><em>XXVII</em></td><td>João Cid Moreira Castelo Branco</td><td>1974 a 1977</td></tr><tr><td><em>XXVIII</em></td><td>Mário Luís Salvo Paiva</td><td>1978 a 1989</td></tr><tr><td><em>XXIX</em></td><td>Ruy Trincheiras</td><td>1989 a 1991</td></tr><tr><td><em>XXX</em></td><td>Manuel António da Silva de Campos</td><td>1992 a 1997</td></tr><tr><td><em>XXXI</em></td><td>José Manuel Guilherme Abreu</td><td>1998 a 2005</td></tr><tr><td><em>XXXII</em></td><td>Vicente Marcel de Almeida</td><td>2006 a 2016</td></tr><tr><td><em>XXXIII</em></td><td>Luís Filipe Jesus</td><td>desde 2016</td></tr></tbody></table></figure>



<hr class="wp-block-separator has-alpha-channel-opacity"/>



<p>Os textos e documentos publicados neste espaço são de responsabilidade única da Associação de Atletismo de Lisboa, e qualquer erro detetado podem expressar necessariamente a opinião à Associação.</p>

<p>“Fundada em 17 de maio de 1929, por Alvará do Governo Civil de Lisboa dessa data ao abrigo do Artº 1º da Lei 14 de Fevereiro de 1907, para regulamentar [&hellip;]</p>
