{"id":1093,"date":"2024-04-15T16:36:28","date_gmt":"2024-04-15T15:36:28","guid":{"rendered":"https:\/\/aalisboa.com.pt\/2023\/?page_id=1093"},"modified":"2025-03-28T09:53:08","modified_gmt":"2025-03-28T09:53:08","slug":"documentacao-tecnica","status":"publish","type":"page","link":"https:\/\/aalisboa.com.pt\/2023\/documentacao-tecnica\/","title":{"rendered":"Documenta\u00e7\u00e3o T\u00e9cnica"},"content":{"rendered":"\t\t<div data-elementor-type=\"wp-page\" data-elementor-id=\"1093\" class=\"elementor elementor-1093\" data-elementor-post-type=\"page\">\n\t\t\t\t<div class=\"elementor-element elementor-element-f125653 e-flex e-con-boxed e-con e-parent\" data-id=\"f125653\" data-element_type=\"container\">\n\t\t\t\t\t<div class=\"e-con-inner\">\n\t\t\t\t<div class=\"elementor-element elementor-element-af8192e elementor-widget elementor-widget-text-editor\" data-id=\"af8192e\" data-element_type=\"widget\" data-widget_type=\"text-editor.default\">\n\t\t\t\t<div class=\"elementor-widget-container\">\n\t\t\t\t\t\t\t\t\t<h4>Aqui a baixo est\u00e3o os links que d\u00e3o acesso \u00e1 informa\u00e7\u00e3o acerca:<\/h4>\n<p>\u00a0<\/p>\n<p><\/p>\n<div class=\"wp-block-buttons is-layout-flex wp-block-buttons-is-layout-flex\">\n<div class=\"wp-block-button\">\u00a0 \u00a0 \u00a0<a class=\"wp-block-button__link wp-element-button\" href=\"https:\/\/certcheck.worldathletics.org\/\" target=\"_blank\" rel=\"noreferrer noopener\">SAPATILHAS<\/a>\u00a0 \u00a0 \u00a0<a class=\"wp-block-button__link wp-element-button\" href=\"https:\/\/aalisboa.com.pt\/2023\/wp-content\/uploads\/2025\/03\/Competition-and-Technical-Rule-Amendments-February.pdf\" target=\"_blank\" rel=\"noreferrer noopener\">WA &#8211; ALTERA\u00c7\u00d5ES 5 DE MAR\u00c7O <\/a>\u00a0 \u00a0 \u00a0<a class=\"wp-block-button__link wp-element-button\" href=\"https:\/\/aalisboa.com.pt\/2023\/wp-content\/uploads\/2025\/03\/Competition-and-Technical-Rules-\u2013-2024-Edition.pdf\" target=\"_blank\" rel=\"noreferrer noopener\">WA &#8211; REGRAS T\u00c9CNICAS<\/a>\u00a0 \u00a0<\/div>\n<div>\u00a0<\/div>\n<\/div>\n<div>\u00a0<\/div>\n<div>\u00a0<\/div>\n<div>\u00a0<\/div>\n<div>\u00a0<\/div>\n<div>\u00a0<\/div>\n<div>\u00a0<\/div>\n<div class=\"wp-block-buttons\">\n<div>\u00a0<\/div>\n<div>\u00a0<\/div>\n<div>\u00a0<\/div>\n<div>\u00a0<\/div>\n<div>\u00a0<\/div>\n<div>\u00a0<\/div>\n<div>\u00a0<\/div>\n<div>\u00a0<\/div>\n<div>\u00a0<\/div>\n<div>\u00a0<\/div>\n<div>\u00a0<\/div>\n<div>\u00a0<\/div>\n<div>\u00a0<\/div>\n<div>\u00a0<\/div>\n<div>\u00a0<\/div>\n<div>\u00a0<\/div>\n<div>\u00a0<\/div>\n<div>\u00a0<\/div>\n<div>\u00a0<\/div>\n<div>\u00a0<\/div>\n<div>\u00a0<\/div>\n<div>\u00a0<\/div>\n<\/div>\t\t\t\t\t\t\t\t<\/div>\n\t\t\t\t<\/div>\n\t\t\t\t\t<\/div>\n\t\t\t\t<\/div>\n\t\t\t\t<\/div>\n\t\t","protected":false},"excerpt":{"rendered":"<p>Aqui a baixo est\u00e3o os links que d\u00e3o acesso \u00e1 informa\u00e7\u00e3o acerca: \u00a0<\/p>\n","protected":false},"author":2,"featured_media":0,"parent":0,"menu_order":0,"comment_status":"closed","ping_status":"closed","template":"","meta":{"footnotes":""},"categories":[],"class_list":["post-1093","page","type-page","status-publish","hentry"],"_links":{"self":[{"href":"https:\/\/aalisboa.com.pt\/2023\/wp-json\/wp\/v2\/pages\/1093","targetHints":{"allow":["GET"]}}],"collection":[{"href":"https:\/\/aalisboa.com.pt\/2023\/wp-json\/wp\/v2\/pages"}],"about":[{"href":"https:\/\/aalisboa.com.pt\/2023\/wp-json\/wp\/v2\/types\/page"}],"author":[{"embeddable":true,"href":"https:\/\/aalisboa.com.pt\/2023\/wp-json\/wp\/v2\/users\/2"}],"replies":[{"embeddable":true,"href":"https:\/\/aalisboa.com.pt\/2023\/wp-json\/wp\/v2\/comments?post=1093"}],"version-history":[{"count":16,"href":"https:\/\/aalisboa.com.pt\/2023\/wp-json\/wp\/v2\/pages\/1093\/revisions"}],"predecessor-version":[{"id":1509,"href":"https:\/\/aalisboa.com.pt\/2023\/wp-json\/wp\/v2\/pages\/1093\/revisions\/1509"}],"wp:attachment":[{"href":"https:\/\/aalisboa.com.pt\/2023\/wp-json\/wp\/v2\/media?parent=1093"}],"wp:term":[{"taxonomy":"category","embeddable":true,"href":"https:\/\/aalisboa.com.pt\/2023\/wp-json\/wp\/v2\/categories?post=1093"}],"curies":[{"name":"wp","href":"https:\/\/api.w.org\/{rel}","templated":true}]}}